{"id":27,"date":"2023-09-14T12:41:53","date_gmt":"2023-09-14T16:41:53","guid":{"rendered":"https:\/\/site.caes.uga.edu\/salzmanlab\/?page_id=27"},"modified":"2026-05-01T12:27:06","modified_gmt":"2026-05-01T16:27:06","slug":"publications","status":"publish","type":"page","link":"https:\/\/site.caes.uga.edu\/salzmanlab\/publications\/","title":{"rendered":"Publications"},"content":{"rendered":"\n<figure class=\"wp-block-image size-large\"><img loading=\"lazy\" decoding=\"async\" width=\"1024\" height=\"303\" src=\"https:\/\/site.caes.uga.edu\/salzmanlab\/files\/2026\/05\/Covers2-1024x303.jpg\" alt=\"\" class=\"wp-image-393\" srcset=\"https:\/\/site.caes.uga.edu\/salzmanlab\/files\/2026\/05\/Covers2-1024x303.jpg 1024w, https:\/\/site.caes.uga.edu\/salzmanlab\/files\/2026\/05\/Covers2-300x89.jpg 300w, https:\/\/site.caes.uga.edu\/salzmanlab\/files\/2026\/05\/Covers2-768x227.jpg 768w, https:\/\/site.caes.uga.edu\/salzmanlab\/files\/2026\/05\/Covers2-1536x455.jpg 1536w, https:\/\/site.caes.uga.edu\/salzmanlab\/files\/2026\/05\/Covers2-2048x606.jpg 2048w, https:\/\/site.caes.uga.edu\/salzmanlab\/files\/2026\/05\/Covers2-50x15.jpg 50w, https:\/\/site.caes.uga.edu\/salzmanlab\/files\/2026\/05\/Covers2-1600x474.jpg 1600w\" sizes=\"auto, (max-width: 1024px) 100vw, 1024px\" \/><\/figure>\n\n\n\n<p><strong><sup>+ <\/sup><\/strong>Undergraduate mentee   <strong>*<\/strong>&nbsp;Authors contributed equally<\/p>\n\n\n\n<p>Skelley PE, Tang W, Salzman S, Calonje M. 2026. Taxonomic review of\u00a0<em>Pharaxonotha<\/em>\u00a0Reitter (Coleoptera: Erotylidae: Pharaxonothinae) inhabiting cones of the cycads\u00a0<em>Zamia<\/em>\u00a0L. and\u00a0<em>Microcycas<\/em>\u00a0(Miq.) A.DC. (Cycadales) in the Caribbean Basin and Central America north of Panama, with descriptions of five new species. <em>Insecta Mundi<\/em> 1184:1-48. <a href=\"https:\/\/doi.org\/10.64338\/im.1184.9bdte\">https:\/\/doi.org\/10.64338\/im.1184.9bdte<\/a> <\/p>\n\n\n\n<p>Valencia-Montoya WA, Li\u00e9nard MA, Rosser N, Calonje M, Salzman S, Tsai C-C, Yu N, Carlson JR, Cogni R, Pierce NE, Bellono NW. 2025. Infrared radiation is an ancient pollination signal. <em>Science<\/em> 6778: 1164-1170. <a href=\"https:\/\/doi.org\/10.1126\/science.adz1728\" target=\"_blank\" rel=\"noreferrer noopener\">doi:10.1126\/science.adz1728<\/a><\/p>\n\n\n\n<p>Bode GM, Lima JMT, Salzman S. 2025. Humidity cue overcomes pollinator avoidance behavior and may contribute to host-plant shifts. <em>Integrative &amp; Comparative Biology<\/em> 65: 856-865. <a href=\"https:\/\/doi.org\/10.1093\/icb\/icaf079\" data-type=\"link\" data-id=\"https:\/\/doi.org\/10.1093\/icb\/icaf079\" target=\"_blank\" rel=\"noreferrer noopener\">doi:10.1093\/icb\/icaf079<\/a><\/p>\n\n\n\n<p>Salzman S, Bustos-D\u00edaz ED, Whitaker MRL, Sierra AM, Cibri\u00e1n-Jaramillo A, Barona-G\u00f3mez F, Villarreal Aguilar JC. 2025. Chemical ecology of symbiosis in cycads, an ancient plant lineage. <em>New Phytologist<\/em> 246: 1494-1504. <a href=\"https:\/\/doi.org\/10.1111\/nph.70109\" target=\"_blank\" rel=\"noreferrer noopener\">doi:10.1111\/nph.70109<\/a><\/p>\n\n\n\n<p>Li X, Marvaldi AR, Oberprieler RG, Clarke D Farrell BD, Sequeira A, Ferrer MS, O\u2019Brien C,\u00a0Salzman S, Shin S, Tang W, McKenna DD. 2024. The evolutinoary history of the ancient weevil family Belidae (Coleoptera: Curculionoidea) reveals the marks of Gondwana breakup and major floristic turnovers, including the rise of angiosperms.<em>\u00a0 eLife<\/em>\u00a013: RP97552.\u00a0 <a href=\"https:\/\/doi.org\/10.7554\/eLife.97552.3\" data-type=\"link\" data-id=\"https:\/\/doi.org\/10.7554\/eLife.97552.3\" target=\"_blank\" rel=\"noreferrer noopener\">doi:10.7554\/eLife.97552.3<\/a><\/p>\n\n\n\n<p>Tang W, Skelley PE, Taylor AS,\u00a0Salzman S. 2024. Review of<em>\u00a0Pharaxonotha<\/em>\u00a0Reitter (Coleoptera: Erotylidae: Pharaxonothinae) inhabiting cones of the cycad\u00a0<em>Zamia<\/em>\u00a0L. (Cycadales) in Panama, with descriptions of five new species. <em>Insecta Mundi<\/em> 1043: 1-40. <a href=\"https:\/\/journals.flvc.org\/mundi\/article\/view\/135731\" target=\"_blank\" rel=\"noreferrer noopener\">https:\/\/journals.flvc.org\/mundi\/article\/view\/135731<\/a><\/p>\n\n\n\n<p>Guti\u00e9rrez-Garcia K*, Whitaker MRL*, Bustos-D\u00edaz ED,&nbsp;Salzman S, Ramos-Aboites HE, Reitz ZL, Pierce NE, Cibri\u00e1n-Jaramillo A, Barona-G\u00f3mez F. 2023. But microbiomes of cycad-feeding insects tolerant to B-methylamino-L-alanine (BMAA) are rich in siderophore biosynthesis. <em>ISME Communications<\/em> 3: 122. <a href=\"https:\/\/doi.org\/10.1038\/s43705-023-00323-8\" data-type=\"link\" data-id=\"https:\/\/doi.org\/10.1038\/s43705-023-00323-8\" target=\"_blank\" rel=\"noreferrer noopener\">doi:10.1038\/s43705-023-00323-8<\/a><\/p>\n\n\n\n<p>Simon A<strong><sup>+<\/sup><\/strong>, Salzman S, Specht CD, Raguso RA. 2023. Behavior and Feeding of Two Beetle Pollinators of&nbsp;<em>Zamia integrifolia<\/em>&nbsp;(Cycadales):&nbsp;<em>Rhopalotria slossoni<\/em>&nbsp;(Coleoptera: Belidae) and&nbsp;<em>Pharaxanotha floridana<\/em>&nbsp;(Coleoptera: Erotylidae). <em>Florida Entomologist <\/em>106: 199-202. <a href=\"https:\/\/doi.org\/10.1653\/024.106.0309\" target=\"_blank\" rel=\"noreferrer noopener\">doi:10.1653\/024.106.0309<\/a><\/p>\n\n\n\n<p>Salzman S, Dahake A, Kandalaft W<strong><sup>+<\/sup><\/strong>, Valencia-Montoya WA, Calonje M, Specht CD, Raguso RA. 2023. Cone humidity is a strong attractant in an obligate cycad pollination mutualism. <em>Current Biology<\/em> 33: 1654-1664. <a href=\"http:\/\/doi.org\/10.1016\/j.cub.2023.03.021\" target=\"_blank\" rel=\"noreferrer noopener\">doi:10.1016\/j.cub.2023.03.021<\/a><\/p>\n\n\n\n<p>de Jesus DA, Batista DM, Monteiro EF, Salzman S, Carvalho LM, Santana K, Andr\u00e9 T. 2022. Structural changes and adaptive evolutionary constraints in FLOWERING LOCUS T and TERMINAL FLOWER1-like genes of flowering plants. <em>Frontiers in Genetics<\/em> 13: 954015. <a href=\"https:\/\/doi.org\/10.3389\/fgene.2022.954015\" target=\"_blank\" rel=\"noreferrer noopener\">doi:10.3389\/fgene.2022.954015<\/a><\/p>\n\n\n\n<p>Glos RAE<strong><sup>+ <\/sup><\/strong>, Salzman S, Calonje M, Vovides AP, Coiro M, Gandolfo MA, Specht CD. 2022. Leaflet Anatomical Diversity in <em>Zamia<\/em> (Cycadales: Zamiaceae) shows little correlation with phylogeny and climate. <em>The Botanical Review<\/em> 88: 437-452. <a href=\"https:\/\/link.springer.com\/article\/10.1007\/s12229-021-09272-0\" target=\"_blank\" rel=\"noreferrer noopener\">doi:10.1007\/s12229-021-09272-0<\/a><\/p>\n\n\n\n<p>Salzman S, Crook D, Calonje M, Stevenson DW, Pierce NE, Hopkins R. 2021. Cycad-Weevil Pollination Symbiosis Is Characterized by Rapidly Evolving and Highly Specific Plant-Insect Chemical Communication. <em>Frontiers in Plant Sciences <\/em>12: 639368. <a href=\"https:\/\/doi.org\/10.3389\/fpls.2021.639368\" target=\"_blank\" rel=\"noreferrer noopener\">doi:10.3389\/fpls.2021.639368<\/a><\/p>\n\n\n\n<p>Valencia-Montoya WA, Quental TB, Tonini JFR, Talavera G, Crall JD, Lamas G, Busby RC, Carvalho APS, Morais AB, Mega NO, Romanowski HP, Li\u00e9nard MA, Salzman S, Whitaker MRL, Kayahara AY, Lohman DJ, Robbins RK, Pierce NE. 2021. Evolutionary trade-offs between male secondary sexual traits revealed by a phylogeny of the hyperdiverse tribe Eumaeini (Lepidoptera: Lycaenidae). <em>Proceedings of the Royal Society B<\/em> 288: 20202512. <a href=\"https:\/\/doi.org\/10.1098\/rspb.2020.2512\" target=\"_blank\" rel=\"noreferrer noopener\">doi:10.1098\/rspb.2020.2512<\/a><\/p>\n\n\n\n<p>Li\u00e9nard MA, Bernard, GD, Allen, AA, Lassance JM, Song S, Childers RR, Yu N, Ye D, Stephenson A, Valencia-Montoya WA, Salzman S, Whitaker MRL, Calonje M, Zhang F, Pierce NE. 2021. The evolution of red color vision is linked to coordinated rhodopsin tuning in lycaenid butterflies. <em>PNAS<\/em> 118: e2008986118. <a href=\"https:\/\/doi.org\/10.1073\/pnas.2008986118\" target=\"_blank\" rel=\"noreferrer noopener\">doi:10.1073\/pnas.2008986118<\/a><\/p>\n\n\n\n<p>Whitaker, MRL, Salzman S<strong>,<\/strong> Gratacos X, Tucker Lima J. 2020. Localized overabundance of an otherwise rare butterfly threatens endangered cycads. <em>Florida Entomologist<\/em> 103: 519-522. <a href=\"https:\/\/doi.org\/10.1653\/024.103.00416\" target=\"_blank\" rel=\"noreferrer noopener\">doi:10.1653\/024.103.00416<\/a><\/p>\n\n\n\n<p>Whitaker MRL* &amp; Salzman S*. 2020. Ecology and evolution of cycad-feeding Lepidoptera. <em>Ecology Letters<\/em> 23: 1862-1877. <a href=\"https:\/\/doi.org\/10.1111\/ele.13581\">doi:10.1111\/ele.13581<\/a><\/p>\n\n\n\n<p>Salzman S, Crook D, Crall JD, Hopkins R*, Pierce NE*. 2020. An ancient push-pull pollination mechanism in cycads. <em>Science Advances<\/em> 6: aay6169 <a href=\"https:\/\/doi.org\/10.1126\/sciadv.aay6169\" target=\"_blank\" rel=\"noreferrer noopener\">doi:10.1126\/sciadv.aay6169<\/a><\/p>\n\n\n\n<p>Whitaker MRL, Baker C,\u00a0Salzman S, Martins DJ, Pierce NE. 2019. Combining stabile isotope analysis with metabarcoding improves inferences of trophic ecology.\u00a0<em>PLoS ONE\u00a0<\/em>14: e0219070. <a href=\"https:\/\/doi.org\/10.1371\/journal.pone.0219070\" target=\"_blank\" rel=\"noreferrer noopener\">doi:10.1371\/journal.pone.0219070<\/a><\/p>\n\n\n\n<p>Salzman S, Whitaker MRL, Pierce NE. 2018. Cycad feeding insects share a core gut microbiome. <em>Biological Journal of the Linnean Society<\/em>\u00a0123: 728-738 <a href=\"https:\/\/doi.org\/10.1093\/biolinnean\/bly017\" target=\"_blank\" rel=\"noreferrer noopener\">doi:10.1093\/biolinnean\/bly017<\/a><\/p>\n\n\n\n<p>Hua C<sup>+<\/sup>,\u00a0Salzman S, Pierce NE. 2018.\u00a0A First Record of <em>Anatrachyntis badia<\/em> (Hodges 1962) (Lepidoptera: Cosmopterigidae) on <em>Zamia integrifolia<\/em> (Zamiaceae). <em>Florida Entomologist <\/em>101: 335-338. <a href=\"https:\/\/doi.org\/10.1653\/024.101.0230\" target=\"_blank\" rel=\"noreferrer noopener\">doi:10.1653\/024.101.0230<\/a><\/p>\n\n\n\n<p>Bruenn R, Lavenburg V, Salzman S. 2017. Don&#8217;t judge a plant by it&#8217;s flowers. <em>Frontiers for Young Minds<\/em> 5: 31 <a href=\"https:\/\/kids.frontiersin.org\/articles\/10.3389\/frym.2017.00031\" target=\"_blank\" rel=\"noreferrer noopener\">doi:\u00a010.3389\/frym.2017.00031<\/a><\/p>\n\n\n\n<p>Whitaker MRL, Salzman S, Sanders J, Kaltenpoth M, Pierce N. 2016. Microbial communities of Lycaenid butterflies do not correlate with larval diet. <em>Frontiers in Microbiology\u00a0<\/em>7: 1920. <a href=\"https:\/\/doi.org\/10.3389\/fmicb.2016.01920\" target=\"_blank\" rel=\"noreferrer noopener\">doi: 10.3389\/fmicb.2016.01920<\/a><\/p>\n\n\n\n<p>Andr\u00e9 T, Salzman S, Wendt T, Specht C. 2016. Speciation dynamics and biogeography of Neotropical spiral gingers (Costaceae).\u00a0<em>Molecular Phylogenetics and Evolution <\/em>103: 55-63. <a href=\"https:\/\/doi.org\/10.1016\/j.ympev.2016.07.008\" target=\"_blank\" rel=\"noreferrer noopener\">doi:10.1016\/j.ympev.2016.07.008<\/a><\/p>\n\n\n\n<p>Espeland M, Hall J, DeVries P, Less D, Cornwall M, Hsu Y, Wu L, Campbell D, Talavera G, Vila R, Salzman S, Ruehr S<sup>+<\/sup>, Lohman D, Pierce NE. 2015. Ancient Neotropical origin and recent recolonisation: Phylogeny, biogeography and diversification of the Riodinidae (Lepidoptera: Papilionoidea). \u00a0<em>Molecular Phylogenetics and Evolution<\/em> 93: 296-306. <a href=\"https:\/\/doi.org\/10.1016\/j.ympev.2015.08.006\" target=\"_blank\" rel=\"noreferrer noopener\">doi:10.1016\/j.ympev.2015.08.006<\/a><\/p>\n\n\n\n<p>Andr\u00e9 T, Specht C, Salzman S, Palma-Silva C, Wendt T. 2015. Evolution of species diversity in the genus <em>Chamaecostus<\/em> (Costaceae): Molecular phylogenetics and morphometric approaches. <em>Phytotaxa<\/em> 204: 265-276. <a href=\"https:\/\/doi.org\/10.11646\/phytotaxa.204.4.3\" target=\"_blank\" rel=\"noreferrer noopener\">doi:10.11646\/phytotaxa.204.4.3<\/a><\/p>\n\n\n\n<p>Salzman S, Driscoll H, Renner T, Andr\u00e9 T, Shen S, Specht C. 2015. Spiraling into history: A molecular phylogeny and investigation of biogeographic origins and floral evolution for the genus <em>Costus<\/em>. <em>Systematic Botany<\/em> 40: 104-115. <a href=\"https:\/\/www.jstor.org\/stable\/24546426\" target=\"_blank\" rel=\"noreferrer noopener\">https:\/\/www.jstor.org\/stable\/24546426<\/a><\/p>\n\n\n\n<p><\/p>\n","protected":false},"excerpt":{"rendered":"<p>+ Undergraduate mentee *&nbsp;Authors contributed equally Skelley PE, Tang W, Salzman S, Calonje M. 2026. Taxonomic review of\u00a0Pharaxonotha\u00a0Reitter (Coleoptera: Erotylidae: Pharaxonothinae) inhabiting cones of the cycads\u00a0Zamia\u00a0L. and\u00a0Microcycas\u00a0(Miq.) A.DC. (Cycadales) in the Caribbean Basin and Central America north of Panama, with descriptions of five new species. Insecta Mundi 1184:1-48. https:\/\/doi.org\/10.64338\/im.1184.9bdte Valencia-Montoya WA, Li\u00e9nard MA, Rosser N, [&hellip;]<\/p>\n","protected":false},"author":941,"featured_media":282,"parent":0,"menu_order":0,"comment_status":"closed","ping_status":"closed","template":"","meta":{"footnotes":""},"class_list":["post-27","page","type-page","status-publish","has-post-thumbnail","hentry"],"_links":{"self":[{"href":"https:\/\/site.caes.uga.edu\/salzmanlab\/wp-json\/wp\/v2\/pages\/27","targetHints":{"allow":["GET"]}}],"collection":[{"href":"https:\/\/site.caes.uga.edu\/salzmanlab\/wp-json\/wp\/v2\/pages"}],"about":[{"href":"https:\/\/site.caes.uga.edu\/salzmanlab\/wp-json\/wp\/v2\/types\/page"}],"author":[{"embeddable":true,"href":"https:\/\/site.caes.uga.edu\/salzmanlab\/wp-json\/wp\/v2\/users\/941"}],"replies":[{"embeddable":true,"href":"https:\/\/site.caes.uga.edu\/salzmanlab\/wp-json\/wp\/v2\/comments?post=27"}],"version-history":[{"count":9,"href":"https:\/\/site.caes.uga.edu\/salzmanlab\/wp-json\/wp\/v2\/pages\/27\/revisions"}],"predecessor-version":[{"id":394,"href":"https:\/\/site.caes.uga.edu\/salzmanlab\/wp-json\/wp\/v2\/pages\/27\/revisions\/394"}],"wp:featuredmedia":[{"embeddable":true,"href":"https:\/\/site.caes.uga.edu\/salzmanlab\/wp-json\/wp\/v2\/media\/282"}],"wp:attachment":[{"href":"https:\/\/site.caes.uga.edu\/salzmanlab\/wp-json\/wp\/v2\/media?parent=27"}],"curies":[{"name":"wp","href":"https:\/\/api.w.org\/{rel}","templated":true}]}}